he prime factors of 1526309.
1091, 1399
What are the prime factors of 514879?
17, 31, 977
List the prime factors of 2395015.
5, 7, 41, 1669
List the prime factors of 2937017.
503, 5839
List the prime factors of 6761458.
2, 11, 307339
List the prime factors of 86039.
97, 887
What are the prime factors of 510214?
2, 255107
List the prime factors of 268575.
3, 5, 3581
What are the prime factors of 3378317?
3378317
What are the prime factors of 3614077?
1381, 2617
What are the prime factors of 6434898?
2, 3, 113, 9491
List the prime factors of 25099108.
2, 113, 55529
What are the prime factors of 9947103?
3, 3315701
What are the prime factors of 5833838?
2, 2916919
List the prime factors of 1236894.
2, 3, 23, 8963
What are the prime factors of 13831698?
2, 3, 1091, 2113
List the prime factors of 944556.
2, 3, 78713
List the prime factors of 156529.
157, 997
What are the prime factors of 3029030?
2, 5, 302903
What are the prime factors of 389368?
2, 7, 17, 409
What are the prime factors of 107333?
181, 593
List the prime factors of 601269.
3, 43, 59, 79
List the prime factors of 1892542.
2, 17, 55663
What are the prime factors of 192369?
3, 64123
List the prime factors of 465855.
3, 5, 13, 2389
What are the prime factors of 5278949?
13, 406073
List the prime factors of 8936733.
3, 13, 43, 73
List the prime factors of 988071.
3, 7, 47051
List the prime factors of 89129.
19, 4691
List the prime factors of 104279.
7, 14897
What are the prime factors of 19281816?
2, 3, 267803
What are the prime factors of 108131?
108131
List the prime factors of 279130.
2, 5, 103, 271
List the prime factors of 652491.
3, 7, 10357
List the prime factors of 6619949.
7, 135101
What are the prime factors of 75323?
75323
List the prime factors of 827280.
2, 3, 5, 383
What are the prime factors of 254925?
3, 5, 11, 103
List the prime factors of 7060571.
7, 19, 53087
List the prime factors of 128480.
2, 5, 11, 73
List the prime factors of 621122.
2, 29, 10709
List the prime factors of 281662.
2, 140831
List the prime factors of 566319.
3, 13, 1117
What are the prime factors of 170495?
5, 13, 43, 61
List the prime factors of 19876459.
89, 223331
List the prime factors of 437374.
2, 7, 4463
What are the prime factors of 84006?
2, 3, 13, 359
List the prime factors of 13716968.
2, 1714621
List the prime factors of 314223.
3, 7, 13, 1151
List the prime factors of 247142.
2, 7, 127, 139
What are the prime factors of 24109?
24109
What are the prime factors of 11118813?
3, 71, 52201
What are the prime factors of 28440?
2, 3, 5, 79
What are the prime factors of 129328?
2, 59, 137
What are the prime factors of 6287216?
2, 13, 167, 181
What are the prime factors of 2085893?
23, 89, 1019
What are the prime factors of 2418725?
5, 96749
What are the prime factors of 241950?
2, 3, 5, 1613
What are the prime factors of 9950163?
3, 31, 97, 1103
List the prime factors of 5370641.
677, 7933
What are the prime factors of 15119698?
2, 11, 17, 40427
List the prime factors of 1423920.
2, 3, 5, 17, 349
What are the prime factors of 39300124?
2, 17, 659, 877
List the prime factors of 683031.
3, 19, 23, 521
List the prime factors of 8189320.
2, 5, 204733
What are the prime factors of 18223?
18223
List the prime factors of 297646.
2, 43, 3461
What are the prime factors of 11783598?
2, 3, 59, 33287
List the prime factors of 1381686.
2, 3, 230281
What are the prime factors of 17033822?
2, 13, 79, 8293
List the prime factors of 1455212.
2, 11, 33073
List the prime factors of 16163829.
3, 11, 43, 3797
What are the prime factors of 1561960?
2, 5, 17, 2297
What are the prime factors of 10726763?
23, 47, 9923
What are the prime factors of 8441381?
13, 199, 251
List the prime factors of 599987.
73, 8219
List the prime factors of 722511.
3, 80279
List the prime factors of 133215.
3, 5, 83, 107
List the prime factors of 7112072.
2, 11, 80819
List the prime factors of 536412.
2, 3, 44701
List the prime factors of 11843095.
5, 11, 215329
List the prime factors of 2725715.
5, 545143
What are the prime factors of 162815?
5, 32563
List the prime factors of 1242730.
2, 5, 151, 823
What are the prime factors of 9172404?
2, 3, 31, 8219
List the prime factors of 3960687.
3, 43, 30703
List the prime factors of 2029834.
2, 17, 227, 263
List the prime factors of 1120150.
2, 5, 43, 521
List the prime factors of 164807.
29, 5683
List the prime factors of 7888080.
2, 3, 5, 23, 1429
List the prime factors of 7871935.
5, 17, 37, 2503
List the prime factors of 695993.
631, 1103
List the prime factors of 86243.
86243
List the prime factors of 18522117.
3, 2058013
What are the prime factors of 21405144?
2, 3, 61, 14621
What are the prime factors of 40425?
3, 5, 7, 11
List the prime factors of 8622375.
3, 5, 22993
What are the prime factors of 52092?
2, 3, 1447
List the prime factors of 3373765.
5, 103, 6551
What are the prime factors of 6066163?
6066163
List the prime factors of 674790.
2, 3, 5, 83, 271
What are the prime factors of 868960?
2, 5, 5431
List the prime factors of 5952354.
2, 3, 23, 43133
What are the prime factors of 149954?
2, 7, 10711
What are the prime factors of 213028?
2, 19, 2803
List the prime factors of 3337521.
3, 11, 19, 5323
What are the prime factors of 1536716?
2, 157, 2447
List the prime factors of 1474241.
1474241
List the prime factors of 64749.
3, 113, 191
What are the prime factors of 31236?
2, 3, 19, 137
List the prime factors of 12480342.
2, 3, 7, 297151
List the prime factors of 1082497.
13, 83269
What are the prime factors of 1739742?
2, 3, 289957
What are the prime factors of 4162299?
3, 1387433
What are the prime factors of 5870210?
2, 5, 587021
List the prime factors of 2689888.
2, 84059
List the prime factors of 479063.
13, 43, 857
List the prime factors of 750810.
2, 3, 5, 29, 863
What are the prime factors of 91574?
2, 7, 31, 211
What are the prime factors of 808188?
2, 3, 67349
List the prime factors of 23781.
3, 7927
What are the prime factors of 1151250?
2, 3, 5, 307
What are the prime factors of 146455?
5, 17, 1723
What are the prime factors of 342528?
2, 3, 223
What are the prime factors of 255314?
2, 127657
List the prime factors of 31215.
3, 5, 2081
What are the prime factors of 595770?
2, 3, 5, 7, 2837
List the prime factors of 1161.
3, 43
What are the prime factors of 1620967?
17, 97, 983
List the prime factors of 22182.
2, 3, 3697
What are the prime factors of 705918?
2, 3, 29, 4057
List the prime factors of 1572807.
3, 524269
What are the prime factors of 1481410?
2, 5, 7, 21163
What are the prime factors of 185686?
2, 227, 409
List the prime factors of 564497.
564497
List the prime factors of 26220565.
5, 7, 181, 4139
What are the prime factors of 783494?
2, 31, 12637
List the prime factors of 521722.
2, 260861
List the prime factors of 812018.
2, 113, 3593
List the prime factors of 780885.
3, 5, 7, 37, 67
What are the prime factors of 2161411?
7, 308773
List the prime factors of 5740569.
3, 637841
List the prime factors of 385178.
2, 29, 229
What are the prime factors of 259430?
2, 5, 25943
List the prime factors of 1510536.
2, 3, 62939
List the prime factors of 5612651.
11, 510241
List the prime factors of 16502835.
3, 5, 17, 64717
List the prime factors of 1371958.
2, 7, 43, 53
List the prime factors of 8013803.
7, 67, 2441
What are the prime factors of 450727?
450727
What are the prime factors of 1324950?
2, 3, 5, 11, 73
List the prime factors of 865726.
2, 37, 11699
What are the prime factors of 2504450?
2, 5, 13, 3853
List the prime factors of 305408.
2, 1193
What are the prime factors of 6066978?
2, 3, 1011163
List the prime factors of 3297975.
3, 5, 43973
List the prime factors of 15680457.
3, 13, 23, 5827
List the prime factors of 1173511.
1173511
List the prime factors of 1943373.
3, 557, 1163
List the prime factors of 86023.
7, 12289
List the prime factors of 3175134.
2, 3, 643, 823
What are the prime factors of 1506115?
5, 13, 17, 29, 47
What are the prime factors of 714406?
2, 7, 11, 4639
What are the prime factors of 19140104?
2, 701, 3413
List the prime factors of 5113665.
3, 5, 37879
List the prime factors of 3247470.
2, 3, 5, 36083
What are the prime factors of 207760?
2, 5, 7, 53
List the prime factors of 305854.
2, 23, 61, 109
List the prime factors of 23